r of 4408296 and 2656.
664
What is the highest common divisor of 4625 and 35779?
37
Calculate the highest common factor of 22 and 574354.
22
Calculate the greatest common divisor of 744 and 2697.
93
Calculate the greatest common factor of 168 and 110964.
84
Calculate the greatest common factor of 168519 and 2533.
149
What is the highest common divisor of 154414 and 104?
26
What is the highest common divisor of 59 and 30773279?
59
What is the greatest common factor of 60 and 116244?
12
What is the greatest common factor of 50800 and 46?
2
What is the greatest common factor of 256 and 74688?
64
Calculate the highest common divisor of 236 and 4327886.
118
What is the highest common divisor of 242 and 657382?
22
Calculate the highest common factor of 3620 and 445.
5
What is the highest common divisor of 29160 and 80?
40
What is the greatest common factor of 208 and 50232?
104
What is the highest common factor of 3 and 557787?
3
What is the highest common factor of 9254 and 84?
14
Calculate the greatest common factor of 116812 and 38.
38
Calculate the greatest common factor of 358620 and 278.
278
What is the greatest common divisor of 413940 and 60?
60
What is the highest common divisor of 559 and 39?
13
Calculate the highest common divisor of 297 and 1147564.
11
Calculate the greatest common divisor of 8162748 and 1188.
1188
Calculate the highest common factor of 12816 and 3888.
144
Calculate the greatest common divisor of 632 and 112.
8
Calculate the greatest common factor of 303 and 34643.
101
Calculate the highest common divisor of 1365 and 78585.
195
Calculate the highest common factor of 592 and 142384.
16
What is the highest common divisor of 1647 and 23241?
183
Calculate the greatest common factor of 510578 and 255.
17
Calculate the greatest common factor of 63950 and 20.
10
What is the greatest common factor of 1341 and 7599?
447
Calculate the highest common divisor of 57925 and 875.
175
Calculate the highest common factor of 28704 and 120.
24
Calculate the greatest common divisor of 455 and 1120925.
65
Calculate the greatest common divisor of 6919 and 209.
11
Calculate the greatest common factor of 1757 and 266813.
251
What is the greatest common factor of 20779 and 4279?
11
What is the highest common divisor of 50 and 17150?
50
Calculate the highest common factor of 2322666 and 54.
18
Calculate the greatest common divisor of 60 and 72980.
20
Calculate the highest common factor of 328 and 15539.
41
Calculate the highest common divisor of 30 and 10590.
30
Calculate the greatest common factor of 71043 and 5373.
597
What is the highest common divisor of 2 and 227314?
2
What is the highest common factor of 388906 and 133?
7
What is the greatest common factor of 16 and 17496?
8
Calculate the highest common factor of 1028 and 212539.
257
Calculate the greatest common factor of 583 and 398189.
583
What is the highest common factor of 8811 and 295569?
801
Calculate the highest common divisor of 70120 and 72.
8
What is the greatest common factor of 656 and 4544?
16
What is the highest common divisor of 75 and 25475?
25
Calculate the highest common factor of 24743 and 3161.
109
What is the greatest common divisor of 1180569 and 39?
39
Calculate the greatest common divisor of 76 and 54632.
4
Calculate the highest common divisor of 94 and 244400.
94
Calculate the greatest common divisor of 95 and 143450.
95
Calculate the greatest common factor of 70 and 780668.
14
Calculate the highest common divisor of 5988580 and 26.
26
Calculate the highest common divisor of 24 and 1418152.
8
Calculate the highest common divisor of 133 and 817.
19
Calculate the greatest common divisor of 9036 and 49447.
251
What is the greatest common divisor of 15336 and 53037?
639
Calculate the greatest common factor of 265047 and 51.
51
Calculate the greatest common divisor of 816 and 3332.
68
What is the highest common divisor of 1724 and 5041838?
862
Calculate the greatest common divisor of 26013 and 437.
23
Calculate the highest common divisor of 56 and 25656.
8
Calculate the greatest common divisor of 612 and 166.
2
What is the greatest common divisor of 3215 and 35?
5
Calculate the highest common factor of 51850 and 10625.
425
Calculate the highest common divisor of 8077 and 984.
41
What is the highest common divisor of 1896810 and 345?
345
What is the greatest common divisor of 80754 and 1677?
129
Calculate the highest common divisor of 47050 and 25.
25
Calculate the highest common divisor of 374 and 1102518.
34
Calculate the highest common divisor of 699 and 261659.
233
Calculate the highest common divisor of 3956680 and 910.
910
What is the highest common factor of 40 and 1240?
40
What is the highest common factor of 762 and 159258?
762
What is the highest common factor of 30 and 14610?
30
What is the greatest common divisor of 48 and 1644?
12
What is the highest common divisor of 116820 and 37642?
1298
What is the greatest common factor of 3648 and 268584?
456
What is the greatest common divisor of 1444 and 61009?
361
What is the highest common divisor of 36 and 1104372?
36
What is the greatest common divisor of 153381 and 22591?
1189
What is the greatest common factor of 232 and 760148?
116
Calculate the greatest common factor of 336 and 8152.
8
Calculate the greatest common factor of 455 and 690963.
91
What is the highest common factor of 1725 and 106605?
345
What is the highest common factor of 451848 and 402?
402
Calculate the greatest common divisor of 4 and 1868.
4
What is the highest common factor of 7682 and 1886?
46
Calculate the greatest common divisor of 27 and 61128.
27
Calculate the greatest common factor of 184 and 5011976.
184
What is the greatest common divisor of 47765 and 1845?
205
Calculate the greatest common factor of 47928 and 8.
8
What is the greatest common divisor of 19320 and 172914?
966
What is the greatest common factor of 64866 and 988?
38
Calculate the highest common factor of 627 and 68673.
33
What is the greatest common factor of 3978 and 975834?
306
What is the highest common divisor of 3773 and 175?
7
Calculate the greatest common divisor of 11556 and 144.
36
Calculate the greatest common divisor of 432 and 720144.
432
What is the greatest common divisor of 467046 and 93?
93
Calculate the greatest common divisor of 2956 and 214.
2
What is the greatest common factor of 9020 and 118162?
902
Calculate the greatest common factor of 1625966 and 422.
422
What is the greatest common divisor of 232 and 5249?
29
Calculate the greatest common divisor of 33 and 173899.
11
Calculate the greatest common divisor of 324 and 2382.
6
Calculate the highest common divisor of 762 and 120015.
381
What is the highest common factor of 100 and 77000?
100
What is the highest common factor of 351 and 53235?
117
What is the highest common factor of 5566 and 254342?
242
Calculate the greatest common factor of 448 and 5145.
7
Calculate the highest common factor of 116 and 13862.
58
Calculate the greatest common divisor of 7889 and 13800.
23
Calculate the greatest common factor of 25908 and 1632.
204
Calculate the highest common factor of 945 and 9121.
7
Calculate the greatest common divisor of 1674770 and 2694.
898
Calculate the greatest common divisor of 22 and 11534.
2
What is the highest common factor of 36 and 111192?
12
What is the greatest common factor of 3210 and 5475?
15
What is the greatest common factor of 214 and 75007?
107
What is the greatest common divisor of 407 and 397639?
407
What is the highest common factor of 53909 and 94?
47
What is the highest common divisor of 1290 and 4902?
258
Calculate the greatest common divisor of 30 and 76425.
15
What is the highest common factor of 38 and 89205?
19
What is the greatest common factor of 1097436 and 12?
12
What is the greatest common factor of 2266875 and 806?
403
Calculate the greatest common factor of 87 and 276.
3
Calculate the greatest common divisor of 2286 and 5796534.
762
What is the greatest common factor of 2220225 and 105?
105
Calculate the highest common factor of 2794 and 96139.
127
Calculate the highest common divisor of 24 and 70968.
24
Calculate the greatest common divisor of 5376 and 882.
42
Calculate the greatest common divisor of 168 and 770.
14
Calculate the highest common facto